
9
What is 0 - -7 - (-721 + 719)?
9
-35 + (-42 - -45) - 4
-36
What is the value of (9 - 12) + -8 - -38 - 7?
20
What is the value of (1 - 2) + -10 + (29 - (46 - 19))?
-9
Calculate 10 - ((-8 - -8) + 14).
-4
Evaluate -6 - ((-13 - (-13 - -4)) + -5 + 11).
-8
-8 + 5 + 5 - -13 - -12
27
Calculate (15 - 19) + 18 + -3 + 15.
26
Evaluate -5 + 12 + -3 + -1 + -8 + -25.
-30
Evaluate -15 + 1 + -1 + (-11 - (-63 - -45)).
-8
Calculate 11 + -36 + 9 + (0 - 6) + 4.
-18
Calculate 98 + -230 + 107 + (0 - (6 - -1)).
-32
What is the value of 31 + 20 + -49 - (-2 + 0 + -5)?
9
What is the value of 11 + -10 + -9 - (2 + -19)?
9
What is the value of -5 - (-9 + -2 + 13)?
-7
(52 - 41) + (-6 - (-16 + 6))
15
What is -2 + (4 - 4) + -1 + (-10 - -1)?
-12
What is the value of (-2 - -2) + -1 - (-7 + 0 + 15)?
-9
3 + (3 - (6 - -2)) + 3 + -7
-6
Evaluate 41 + (-19 - 3) + 9.
28
Calculate 0 - 2 - ((1 - 10) + -6 + 1).
12
0 - ((17 - 23) + 16)
-10
Calculate (-54 - -54) + (-3 - (-1 + 1 - -6)).
-9
(3 + -4 - 6) + -30
-37
What is 61 + 0 + (295 - 334)?
22
What is (39 - (-5 - -6)) + -53 + 43?
28
What is 19 - ((12 - (5 + (4 - 3))) + 1)?
12
What is 9 + -4 + 0 - (8 + -1 - 6)?
4
(1 + -4 - (-3 + (-12 - -11))) + 13
14
Calculate 1 - ((-7 - 2) + 15).
-5
Calculate -5 + (-9 - (-14 + -11) - 14).
-3
What is the value of 26 + -41 + (18 - 11)?
-8
Calculate -30 - (-38 + 14) - (27 - 1) - -4.
-28
Evaluate 9 - 17 - -22 - ((7 - 12) + 10).
9
What is (10 - 1) + (33 - (-28 + 30)) + -10?
30
What is the value of -1 + 14 + 25 + -21?
17
What is the value of -6 - (-2 + -2 - -1) - -2?
-1
What is 8 - (34 + -38 + (13 - 3))?
2
What is -12 + 6 + 5 - (-37 + 12)?
24
What is (10 - 38) + 35 + 0?
7
What is (1 - (-19 + 1)) + -17 + 9 + 2?
13
5 - -13 - 22 - (-4 - -22)
-22
What is (5 - -14 - 12) + -14?
-7
Evaluate 13 + (12 + -12 - (-1 - 9)) - 7.
16
Calculate 0 + 1 + -21 - -9.
-11
What is the value of (1 - (-17 - -20)) + 5?
3
Calculate -33 + (56 - -30) + -34.
19
What is the value of (-11 - (8 - 30)) + (8 - 32)?
-13
(-12 - -2) + 5 + 6 + -7
-6
(-6 + -4 - -3 - -3) + 45 + -19
22
What is the value of 17 + (-18 - -11) + (3 - -1)?
14
2 + (-30 - -40 - (9 + -4))
7
-4 + -23 + -12 + 13
-26
What is the value of (7 + -2 + -2 - 9) + 2 + 2?
-2
What is the value of -22 + (-14 - -3 - (-2 + -18)) + -5?
-18
Calculate (3 - (-10 + 10)) + (-14 + 8 - 4).
-7
Calculate 20 + -5 + -9 + 6 + -33.
-21
-14 + (-6 - (-20 + 4)) - 6
-10
What is 4 - (-4 + (-11 - -16))?
3
What is the value of (-6 - -6) + (4 - 6 - (-23 - -4))?
17
What is 0 + -12 + (-3 - -7) + -27 + 4?
-31
Calculate (2 - 0) + (-2 - (9 - 3)) + -6.
-12
Calculate -730 + 730 - (2 + 18).
-20
-18 + 1 - (-17 - -2 - -25)
-27
Evaluate (-5 + -3 - -9 - 7) + -14.
-20
Calculate (35 - 18) + -13 - 1.
3
-13 + 22 + 14 - 26
-3
Calculate 6 - (9 + -18) - 18.
-3
What is the value of (1 - 6) + 1 - (-633 + 633)?
-4
What is -25 + 11 + 26 - (-9 - (-1 + 0))?
20
What is (1 - -19) + 57 + -62 + -1?
14
Calculate (-2 - -2) + (5 - 2 - 5) - 8.
-10
Evaluate 4 + 1 - (-5 + -3 + (2 - -8)).
3
Calculate 7 + 5 + -2 + -18.
-8
What is 10 - ((61 - 67) + 0 + 1)?
15
Evaluate 0 - -16 - 14 - (-1 + -18 + 1).
20
What is the value of 0 + 20 - (24 + (-121 - -78))?
39
Calculate 4 + 14 + (-45 - -21) + (-1 - -25).
18
What is 55 + -29 - (0 - (-7 - 5))?
14
Calculate -2 + -3 + 8 + 1.
4
What is the value of -5 + 6 + -7 + 8?
2
What is the value of -36 + 15 + 3 - 21 - -7?
-32
What is (-3 + 14 + -13 - 6) + -3 + 11?
0
Calculate -6 - (-2 + -17) - 11.
2
Calculate 3 + (-3 - (-3 - 6)) - -11.
20
(-6 - (33 + -17)) + 8
-14
(0 - 5) + 8 + (-19 - -20) - -16
20
(-16 - (21 - 10)) + 19 + -24
-32
Calculate -26 + 65 - (29 - -1).
9
Calculate 3 - (11 + -25 + 1).
16
(7 - (1 - -9)) + 22 - (8 + -6)
17
-20 + 12 - (-18 + 15 + -1)
-4
Evaluate (-5 - (-17 + 13)) + -6.
-7
Evaluate (2 + -26 + 16 - -5) + -10.
-13
What is the value of -7 + (-2 + 6 - (-11 + 6))?
2
(-22 - -21) + (-5 - 0) - -4 - 2
-4
What is the value of -11 - -4 - -2 - (2 - -1)?
-8
Calculate 13 - (11 - (22 + -17)).
7
What is the value of 3 + -3 + 2 - -2 - (59 + -20)?
-35
Calculate 9 + (12 - (22 + -11 + 16)).
-6
What is the value of -2 + 5 + (1 - 5 - -9)?
8
Evaluate (-22 - -19 - (0 + 25)) + -22 + 33.
-17
What is the value of 7 + (-3 + -2 - -3) + 3 + -8?
0
What is -4 + -2 - (0 + 1 + -5) - 0?
-2
Evaluate -11 - (23 - 27 - (-1 - -4 - 4)).
-8
What is 17 - (9 + -38 + 48)?
-2
Calculate (13 - 9) + -4 - 14.
-14
Evaluate -2 + 4 - (369 - 328).
-39
What is the value of 10 - ((0 - 3) + -2 + 10) - -9?
14
What is (5 + 6 - 14) + -1 - 13?
-17
(-14 + 14 - -9) + 0
9
What is the value of 12 + -1 + (11 - (8 + 6))?
8
Evaluate 11 + -3 + -7 + 15.
16
What is the value of (0 - 2) + (-1 - 25 - (-553 + 556))?
-31
What is (0 - (-14 + 30 + 1)) + 21?
4
What is the value of 1 + 0 + -7 - (-43 + (-1 - -34))?
4
What is 9 + -18 + -5 - (13 - -2)?
-29
What is -9 + (-13 - -14) + (1 - -18) + -5?
6
Evaluate -17 - (35 + -12 + 10) - -18.
-32
What is 16 - (26 + 0) - (-2 + -2)?
-6
Calculate 6 - ((1 - -8) + -12 + -8 + 4).
13
-8 + 0 - (-9 + (-4 + 16 - 10))
-1
What is -23 - (1 - 1) - (101 + -108)?
-16
What is the value of -3 + (-11 - (12 - 21))?
-5
What is (-8 - (1 - -5)) + 35?
21
Calculate 2 + 4 - (-21 - -25).
2
What is the value of 0 + -1 + (-255 - -255)?
-1
9 + (3 - (12 - 5))
5
Calculate -5 - (8 + -6 + -15 - 2).
10
Evaluate 6 + (-11 - (3 + (-8 - -1)) - 21).
-22
Evaluate 33 - 20 - (-4 + 1 - -27).
-11
Calculate 4 - (-4 - -1) - (103 - 95) - -7.
6
Calculate 13 + 2 + -7 + 1 + -41 + 42.
10
17 + 4 + 7 - 7
21
What is (8 - 4 - 3) + (2 - -1) + 10?
14
-5 - (-1 + -26 + 37)
-15
What is -2 + -9 + 25 - (0 - -7)?
7
3 - (-1 - (2 + -1 + 7 + -5))
7
Calculate -2 - -3 - -1 - 12 - -5.
-5
6 + (-31 + -5 - -27)
-3
What is -3 + -31 - (-7 + 17 + -25 + 5)?
-24
Evaluate (1 - 11) + 828 + -807.
11
What is 5 - ((8 - (5 + -3 + 1)) + 1)?
-1
11 + -1 + (31 + -32 - 2) + 1
8
What is the value of -1 - (-7 - -5) - (-18 - -19)?
0
What is (79 - 78) + -1 + (3 - -4)?
7
What is the value of 0 + 1 - (6 + 0 + -4) - 1?
-2
(10 - (3 + 8)) + 3 + (-2 - -1)
1
What is the value of 42 + -61 - (-1 - 29)?
11
What is the value of -1 + 10 + (12 - 6) + -20 + 13?
8
Evaluate 0 + -7 - (2 - (7 + 6) - -7).
-3
Evaluate 20 + (-35 - -8) + 11.
4
Evaluate -2 + 8 - (-12 + 49 + -61).
30
Evaluate -40 + (-28 - -11 - -48).
-9
Calculate 20 - 10 - (-1 - 4 - (-15 + 11)).
11
Evaluate (14 - (3 - 4)) + -14 + -32.
-31
What is the value of (1 - 24) + (-67 - -18 - -47)?
-25
Calculate (9 - 11) + -9 - (1 - 2).
-10
3 + (1 - (-2 - 1 - (-34 - -35)))
8
What is (-27 - -29) + (0 - 5) - 29?
-32
Calculate (7 - (0 - -9) - (-4 + 5)) + -9.
-12
(0 - -2) + 533 + -528
7
Calculate 46 + -60 - (-31 - (-6 + 3)).
14
Evaluate 6 + 2 + -13 + 0 + -4 + 3.
-6
Calculate 21 + (-374 - -388) + -9 + (2 - 2).
26
Evaluate -3 - (6 + 0 + -25 + 12).
4
Calculate -7 + (-40 - (-88 + 35)).
6
What is the value of -9 + 18 - (0 + (-1 - -6))?
4
Calculate 26 + -8 + 9 + -20.
7
What is 1 - (2 + (10 - 9) + -9 + 1)?
6
Evaluate -5 + -3 + 8 + -1 + (2 - 5).
-4
Calculate -8 + 18 + (-36 - -11) - (7 + 0).
-22
Evaluate 0 + 17 + -1 + (-15 - -3).
4
What is the value of (14 - -2 - 31) + 18?
3
Calculate 10 + (-12 - 1) + 11 - (-3 - -16).
-5
-3 + (-1 - -5 - (28 - 29)) - 0
2
Calculate -18 + -4 + 19 + 13 - 13.
-3
Calculate 1 - (16 + (-33 - -20)).
-2
What is the value of 37 - 24 - (4 + 1 - 2)?
10
Evaluate -20 - (-18 + 21 + -14).
-9
What is the value of 4 + -24 + (17 - 0)?
-3
Evaluate -31 - ((21 - 29) + -26).
3
-5 + (32 - -1) + 11 + -4 + -5
30
-1 - ((-3 - 1) + 9 + -5 + -6)
5
What is the value of 27 - (-5 - -15) - 27?
-10
What is the value of (-18 - -53 - 77) + (13 - 0)?
-29
Calculate -11 + (52 - 14) + -12 + 11.
26
What is -8 - ((0 + 10 - 8) + 6)?
-16
Calculate 95 + -89 + (-3 - 1).
2
What is the value of (1 - -15) + 424 + -414?
26
Calculate (-7 - (7 + -11)) + -8 + -14.
-25
-5 - (-14 + (-2 - 7) + 8)
10
What is the value of -3 - 3 - (28 - 37 - (3 - -10))?
16
Calculate (-2 - -10) + (-3 - (6 + 1 + -4)).
2
What is the value of 15 - (-17 + 34 - -9)?
-11
What is -4 + 18 - (10 + -11 - -27)?
-12
What is 13 + (5 - (4 - -3))?
11
What is -10 + 17 + -12 + -9 - -52?
38
Calculate 6 - (-2 - 1 - (3 - (-2 + 16))).
-2
Evaluate -2 + 7 + 2 + -6 + 6 + -11.
-4
Calculate (-7 - 23) + -55 + 61 + 2 + 0.
-22
What is 2 - 2 - 2 - ((-24 - 17) + 44)?
-5
What is the value of -6 - ((-6 - -7) + -6)?
-1
What is the value of (-2 + 12 + -42 - -12) + 10?
-10
Evalu